{"id":84234,"date":"2019-03-07T17:21:09","date_gmt":"2019-03-07T17:21:09","guid":{"rendered":"https:\/\/carlaszabo.com\/product\/sensitive-necklace\/"},"modified":"2025-09-29T04:18:08","modified_gmt":"2025-09-29T04:18:08","slug":"sensitive-necklace","status":"publish","type":"product","link":"https:\/\/carlaszabo.com\/ro\/produs\/sensitive-necklace\/","title":{"rendered":"Sensitive Necklace"},"content":{"rendered":"","protected":false},"excerpt":{"rendered":"<p>Acest colier este realizat din perle ceramice cu o decora\u021bie din lemn de abanos, fa\u021betat. Parte din colec\u021bia &#8222;Sur-Faces&#8221;.<\/p>\n<p>Oamenii \u00ee\u0219i arat\u0103 lumii, multiple fa\u021bete ale personalit\u0103\u021bii lor. Adev\u0103rul \u00eens\u0103 este unic, acela al inimii. Omul fiin\u021beaza de multe ori doar la suprafa\u021ba lucrurilor ca s\u0103 i\u0219i protejeze un interior mult mai fragil. Dac\u0103 uneori un z\u00e2mbet, o privire dur\u0103 sau o expresie de seriozitate pot fi citite pe fa\u021ba noastr\u0103, de cele mai multe ori acestea le manifest\u0103m pentru ca adevaratele noastre emo\u021bii s\u0103 nu fie v\u0103zute.<\/p>\n","protected":false},"featured_media":99624,"template":"","meta":[],"product_brand":[],"product_cat":[319],"product_tag":[639,708,535,538,565,321,359],"class_list":{"0":"post-84234","1":"product","2":"type-product","3":"status-publish","4":"has-post-thumbnail","6":"product_cat-coliere","7":"product_tag-blackwood-ro","8":"product_tag-ceramic-pearls-ro","9":"product_tag-necklace-ro","10":"product_tag-pearls-ro","11":"product_tag-silver-ro","12":"product_tag-sur-faces-ro","13":"product_tag-wooden-diamond-ro","15":"first","16":"instock","17":"shipping-taxable","18":"purchasable","19":"product-type-simple"},"yoast_head":"<!-- This site is optimized with the Yoast SEO plugin v27.4 - https:\/\/yoast.com\/product\/yoast-seo-wordpress\/ -->\n<title>Sensitive Necklace designed by Carla Szabo<\/title>\n<meta name=\"description\" content=\"Acest colier este realizat din perle ceramice cu o decora\u021bie din lemn de abanos, fa\u021betat. Parte din colec\u021bia &quot;Sur-Faces&quot;.\" \/>\n<meta name=\"robots\" content=\"index, follow, max-snippet:-1, max-image-preview:large, max-video-preview:-1\" \/>\n<link rel=\"canonical\" href=\"https:\/\/carlaszabo.com\/ro\/produs\/sensitive-necklace\/\" \/>\n<meta property=\"og:locale\" content=\"ro_RO\" \/>\n<meta property=\"og:type\" content=\"article\" \/>\n<meta property=\"og:title\" content=\"Sensitive Necklace\" \/>\n<meta property=\"og:description\" content=\"The Sensitive Necklace is made of ceramic pearls with a diamond shaped, dark stained oak middle piece. It\u2019s part of the \u201cSur-Faces\u201d collection.\" \/>\n<meta property=\"og:url\" content=\"https:\/\/carlaszabo.com\/ro\/produs\/sensitive-necklace\/\" \/>\n<meta property=\"og:site_name\" content=\"Carla Szabo\" \/>\n<meta property=\"article:modified_time\" content=\"2025-09-29T04:18:08+00:00\" \/>\n<meta property=\"og:image\" content=\"http:\/\/carlaszabo.com\/wp-content\/uploads\/2016\/10\/Sensitive-Necklace.jpg\" \/>\n<meta name=\"twitter:card\" content=\"summary_large_image\" \/>\n<script type=\"application\/ld+json\" class=\"yoast-schema-graph\">{\"@context\":\"https:\\\/\\\/schema.org\",\"@graph\":[{\"@type\":\"WebPage\",\"@id\":\"https:\\\/\\\/carlaszabo.com\\\/ro\\\/produs\\\/sensitive-necklace\\\/\",\"url\":\"https:\\\/\\\/carlaszabo.com\\\/ro\\\/produs\\\/sensitive-necklace\\\/\",\"name\":\"Sensitive Necklace designed by Carla Szabo\",\"isPartOf\":{\"@id\":\"https:\\\/\\\/carlaszabo.com\\\/ro\\\/#website\"},\"primaryImageOfPage\":{\"@id\":\"https:\\\/\\\/carlaszabo.com\\\/ro\\\/produs\\\/sensitive-necklace\\\/#primaryimage\"},\"image\":{\"@id\":\"https:\\\/\\\/carlaszabo.com\\\/ro\\\/produs\\\/sensitive-necklace\\\/#primaryimage\"},\"thumbnailUrl\":\"https:\\\/\\\/carlaszabo.com\\\/wp-content\\\/uploads\\\/2019\\\/03\\\/Sensitive-Necklace-1.jpg\",\"datePublished\":\"2019-03-07T17:21:09+00:00\",\"dateModified\":\"2025-09-29T04:18:08+00:00\",\"description\":\"Acest colier este realizat din perle ceramice cu o decora\u021bie din lemn de abanos, fa\u021betat. Parte din colec\u021bia \\\"Sur-Faces\\\".\",\"breadcrumb\":{\"@id\":\"https:\\\/\\\/carlaszabo.com\\\/ro\\\/produs\\\/sensitive-necklace\\\/#breadcrumb\"},\"inLanguage\":\"ro-RO\",\"potentialAction\":[{\"@type\":\"ReadAction\",\"target\":[\"https:\\\/\\\/carlaszabo.com\\\/ro\\\/produs\\\/sensitive-necklace\\\/\"]}]},{\"@type\":\"ImageObject\",\"inLanguage\":\"ro-RO\",\"@id\":\"https:\\\/\\\/carlaszabo.com\\\/ro\\\/produs\\\/sensitive-necklace\\\/#primaryimage\",\"url\":\"https:\\\/\\\/carlaszabo.com\\\/wp-content\\\/uploads\\\/2019\\\/03\\\/Sensitive-Necklace-1.jpg\",\"contentUrl\":\"https:\\\/\\\/carlaszabo.com\\\/wp-content\\\/uploads\\\/2019\\\/03\\\/Sensitive-Necklace-1.jpg\",\"width\":800,\"height\":1067},{\"@type\":\"BreadcrumbList\",\"@id\":\"https:\\\/\\\/carlaszabo.com\\\/ro\\\/produs\\\/sensitive-necklace\\\/#breadcrumb\",\"itemListElement\":[{\"@type\":\"ListItem\",\"position\":1,\"name\":\"Home\",\"item\":\"https:\\\/\\\/carlaszabo.com\\\/ro\\\/\"},{\"@type\":\"ListItem\",\"position\":2,\"name\":\"Shop\",\"item\":\"https:\\\/\\\/carlaszabo.com\\\/ro\\\/shop\\\/\"},{\"@type\":\"ListItem\",\"position\":3,\"name\":\"Sensitive Necklace\"}]},{\"@type\":\"WebSite\",\"@id\":\"https:\\\/\\\/carlaszabo.com\\\/ro\\\/#website\",\"url\":\"https:\\\/\\\/carlaszabo.com\\\/ro\\\/\",\"name\":\"Carla Szabo\",\"description\":\"\",\"publisher\":{\"@id\":\"https:\\\/\\\/carlaszabo.com\\\/ro\\\/#organization\"},\"potentialAction\":[{\"@type\":\"SearchAction\",\"target\":{\"@type\":\"EntryPoint\",\"urlTemplate\":\"https:\\\/\\\/carlaszabo.com\\\/ro\\\/?s={search_term_string}\"},\"query-input\":{\"@type\":\"PropertyValueSpecification\",\"valueRequired\":true,\"valueName\":\"search_term_string\"}}],\"inLanguage\":\"ro-RO\"},{\"@type\":\"Organization\",\"@id\":\"https:\\\/\\\/carlaszabo.com\\\/ro\\\/#organization\",\"name\":\"Carla Szabo\",\"url\":\"https:\\\/\\\/carlaszabo.com\\\/ro\\\/\",\"logo\":{\"@type\":\"ImageObject\",\"inLanguage\":\"ro-RO\",\"@id\":\"https:\\\/\\\/carlaszabo.com\\\/ro\\\/#\\\/schema\\\/logo\\\/image\\\/\",\"url\":\"https:\\\/\\\/carlaszabo.com\\\/wp-content\\\/uploads\\\/2017\\\/09\\\/carla-logo.png\",\"contentUrl\":\"https:\\\/\\\/carlaszabo.com\\\/wp-content\\\/uploads\\\/2017\\\/09\\\/carla-logo.png\",\"width\":370,\"height\":49,\"caption\":\"Carla Szabo\"},\"image\":{\"@id\":\"https:\\\/\\\/carlaszabo.com\\\/ro\\\/#\\\/schema\\\/logo\\\/image\\\/\"}}]}<\/script>\n<!-- \/ Yoast SEO plugin. -->","yoast_head_json":{"title":"Sensitive Necklace designed by Carla Szabo","description":"Acest colier este realizat din perle ceramice cu o decora\u021bie din lemn de abanos, fa\u021betat. Parte din colec\u021bia \"Sur-Faces\".","robots":{"index":"index","follow":"follow","max-snippet":"max-snippet:-1","max-image-preview":"max-image-preview:large","max-video-preview":"max-video-preview:-1"},"canonical":"https:\/\/carlaszabo.com\/ro\/produs\/sensitive-necklace\/","og_locale":"ro_RO","og_type":"article","og_title":"Sensitive Necklace","og_description":"The Sensitive Necklace is made of ceramic pearls with a diamond shaped, dark stained oak middle piece. It\u2019s part of the \u201cSur-Faces\u201d collection.","og_url":"https:\/\/carlaszabo.com\/ro\/produs\/sensitive-necklace\/","og_site_name":"Carla Szabo","article_modified_time":"2025-09-29T04:18:08+00:00","og_image":[{"url":"http:\/\/carlaszabo.com\/wp-content\/uploads\/2016\/10\/Sensitive-Necklace.jpg","type":"","width":"","height":""}],"twitter_card":"summary_large_image","schema":{"@context":"https:\/\/schema.org","@graph":[{"@type":"WebPage","@id":"https:\/\/carlaszabo.com\/ro\/produs\/sensitive-necklace\/","url":"https:\/\/carlaszabo.com\/ro\/produs\/sensitive-necklace\/","name":"Sensitive Necklace designed by Carla Szabo","isPartOf":{"@id":"https:\/\/carlaszabo.com\/ro\/#website"},"primaryImageOfPage":{"@id":"https:\/\/carlaszabo.com\/ro\/produs\/sensitive-necklace\/#primaryimage"},"image":{"@id":"https:\/\/carlaszabo.com\/ro\/produs\/sensitive-necklace\/#primaryimage"},"thumbnailUrl":"https:\/\/carlaszabo.com\/wp-content\/uploads\/2019\/03\/Sensitive-Necklace-1.jpg","datePublished":"2019-03-07T17:21:09+00:00","dateModified":"2025-09-29T04:18:08+00:00","description":"Acest colier este realizat din perle ceramice cu o decora\u021bie din lemn de abanos, fa\u021betat. Parte din colec\u021bia \"Sur-Faces\".","breadcrumb":{"@id":"https:\/\/carlaszabo.com\/ro\/produs\/sensitive-necklace\/#breadcrumb"},"inLanguage":"ro-RO","potentialAction":[{"@type":"ReadAction","target":["https:\/\/carlaszabo.com\/ro\/produs\/sensitive-necklace\/"]}]},{"@type":"ImageObject","inLanguage":"ro-RO","@id":"https:\/\/carlaszabo.com\/ro\/produs\/sensitive-necklace\/#primaryimage","url":"https:\/\/carlaszabo.com\/wp-content\/uploads\/2019\/03\/Sensitive-Necklace-1.jpg","contentUrl":"https:\/\/carlaszabo.com\/wp-content\/uploads\/2019\/03\/Sensitive-Necklace-1.jpg","width":800,"height":1067},{"@type":"BreadcrumbList","@id":"https:\/\/carlaszabo.com\/ro\/produs\/sensitive-necklace\/#breadcrumb","itemListElement":[{"@type":"ListItem","position":1,"name":"Home","item":"https:\/\/carlaszabo.com\/ro\/"},{"@type":"ListItem","position":2,"name":"Shop","item":"https:\/\/carlaszabo.com\/ro\/shop\/"},{"@type":"ListItem","position":3,"name":"Sensitive Necklace"}]},{"@type":"WebSite","@id":"https:\/\/carlaszabo.com\/ro\/#website","url":"https:\/\/carlaszabo.com\/ro\/","name":"Carla Szabo","description":"","publisher":{"@id":"https:\/\/carlaszabo.com\/ro\/#organization"},"potentialAction":[{"@type":"SearchAction","target":{"@type":"EntryPoint","urlTemplate":"https:\/\/carlaszabo.com\/ro\/?s={search_term_string}"},"query-input":{"@type":"PropertyValueSpecification","valueRequired":true,"valueName":"search_term_string"}}],"inLanguage":"ro-RO"},{"@type":"Organization","@id":"https:\/\/carlaszabo.com\/ro\/#organization","name":"Carla Szabo","url":"https:\/\/carlaszabo.com\/ro\/","logo":{"@type":"ImageObject","inLanguage":"ro-RO","@id":"https:\/\/carlaszabo.com\/ro\/#\/schema\/logo\/image\/","url":"https:\/\/carlaszabo.com\/wp-content\/uploads\/2017\/09\/carla-logo.png","contentUrl":"https:\/\/carlaszabo.com\/wp-content\/uploads\/2017\/09\/carla-logo.png","width":370,"height":49,"caption":"Carla Szabo"},"image":{"@id":"https:\/\/carlaszabo.com\/ro\/#\/schema\/logo\/image\/"}}]}},"_links":{"self":[{"href":"https:\/\/carlaszabo.com\/ro\/wp-json\/wp\/v2\/product\/84234","targetHints":{"allow":["GET"]}}],"collection":[{"href":"https:\/\/carlaszabo.com\/ro\/wp-json\/wp\/v2\/product"}],"about":[{"href":"https:\/\/carlaszabo.com\/ro\/wp-json\/wp\/v2\/types\/product"}],"wp:featuredmedia":[{"embeddable":true,"href":"https:\/\/carlaszabo.com\/ro\/wp-json\/wp\/v2\/media\/99624"}],"wp:attachment":[{"href":"https:\/\/carlaszabo.com\/ro\/wp-json\/wp\/v2\/media?parent=84234"}],"wp:term":[{"taxonomy":"product_brand","embeddable":true,"href":"https:\/\/carlaszabo.com\/ro\/wp-json\/wp\/v2\/product_brand?post=84234"},{"taxonomy":"product_cat","embeddable":true,"href":"https:\/\/carlaszabo.com\/ro\/wp-json\/wp\/v2\/product_cat?post=84234"},{"taxonomy":"product_tag","embeddable":true,"href":"https:\/\/carlaszabo.com\/ro\/wp-json\/wp\/v2\/product_tag?post=84234"}],"curies":[{"name":"wp","href":"https:\/\/api.w.org\/{rel}","templated":true}]}}

<p>Acest colier este realizat din perle ceramice cu o decorație din lemn de abanos, fațetat. Parte din colecția &#8222;Sur-Faces&#8221;.</p>
<p>Oamenii își arată lumii, multiple fațete ale personalității lor. Adevărul însă este unic, acela al inimii. Omul ființeaza de multe ori doar la suprafața lucrurilor ca să iși protejeze un interior mult mai fragil. Dacă uneori un zâmbet, o privire dură sau o expresie de seriozitate pot fi citite pe fața noastră, de cele mai multe ori acestea le manifestăm pentru ca adevaratele noastre emoții să nu fie văzute.</p>

<!-- This site is optimized with the Yoast SEO plugin v27.4 - https://yoast.com/product/yoast-seo-wordpress/ -->
<title>Sensitive Necklace designed by Carla Szabo</title>
<meta name="description" content="Acest colier este realizat din perle ceramice cu o decorație din lemn de abanos, fațetat. Parte din colecția &quot;Sur-Faces&quot;." />
<meta name="robots" content="index, follow, max-snippet:-1, max-image-preview:large, max-video-preview:-1" />
<link rel="canonical" href="https://carlaszabo.com/ro/produs/sensitive-necklace/" />
<meta property="og:locale" content="ro_RO" />
<meta property="og:type" content="article" />
<meta property="og:title" content="Sensitive Necklace" />
<meta property="og:description" content="The Sensitive Necklace is made of ceramic pearls with a diamond shaped, dark stained oak middle piece. It’s part of the “Sur-Faces” collection." />
<meta property="og:url" content="https://carlaszabo.com/ro/produs/sensitive-necklace/" />
<meta property="og:site_name" content="Carla Szabo" />
<meta property="article:modified_time" content="2025-09-29T04:18:08+00:00" />
<meta property="og:image" content="http://carlaszabo.com/wp-content/uploads/2016/10/Sensitive-Necklace.jpg" />
<meta name="twitter:card" content="summary_large_image" />
<script type="application/ld+json" class="yoast-schema-graph">{"@context":"https:\/\/schema.org","@graph":[{"@type":"WebPage","@id":"https:\/\/carlaszabo.com\/ro\/produs\/sensitive-necklace\/","url":"https:\/\/carlaszabo.com\/ro\/produs\/sensitive-necklace\/","name":"Sensitive Necklace designed by Carla Szabo","isPartOf":{"@id":"https:\/\/carlaszabo.com\/ro\/#website"},"primaryImageOfPage":{"@id":"https:\/\/carlaszabo.com\/ro\/produs\/sensitive-necklace\/#primaryimage"},"image":{"@id":"https:\/\/carlaszabo.com\/ro\/produs\/sensitive-necklace\/#primaryimage"},"thumbnailUrl":"https:\/\/carlaszabo.com\/wp-content\/uploads\/2019\/03\/Sensitive-Necklace-1.jpg","datePublished":"2019-03-07T17:21:09+00:00","dateModified":"2025-09-29T04:18:08+00:00","description":"Acest colier este realizat din perle ceramice cu o decorație din lemn de abanos, fațetat. Parte din colecția \"Sur-Faces\".","breadcrumb":{"@id":"https:\/\/carlaszabo.com\/ro\/produs\/sensitive-necklace\/#breadcrumb"},"inLanguage":"ro-RO","potentialAction":[{"@type":"ReadAction","target":["https:\/\/carlaszabo.com\/ro\/produs\/sensitive-necklace\/"]}]},{"@type":"ImageObject","inLanguage":"ro-RO","@id":"https:\/\/carlaszabo.com\/ro\/produs\/sensitive-necklace\/#primaryimage","url":"https:\/\/carlaszabo.com\/wp-content\/uploads\/2019\/03\/Sensitive-Necklace-1.jpg","contentUrl":"https:\/\/carlaszabo.com\/wp-content\/uploads\/2019\/03\/Sensitive-Necklace-1.jpg","width":800,"height":1067},{"@type":"BreadcrumbList","@id":"https:\/\/carlaszabo.com\/ro\/produs\/sensitive-necklace\/#breadcrumb","itemListElement":[{"@type":"ListItem","position":1,"name":"Home","item":"https:\/\/carlaszabo.com\/ro\/"},{"@type":"ListItem","position":2,"name":"Shop","item":"https:\/\/carlaszabo.com\/ro\/shop\/"},{"@type":"ListItem","position":3,"name":"Sensitive Necklace"}]},{"@type":"WebSite","@id":"https:\/\/carlaszabo.com\/ro\/#website","url":"https:\/\/carlaszabo.com\/ro\/","name":"Carla Szabo","description":"","publisher":{"@id":"https:\/\/carlaszabo.com\/ro\/#organization"},"potentialAction":[{"@type":"SearchAction","target":{"@type":"EntryPoint","urlTemplate":"https:\/\/carlaszabo.com\/ro\/?s={search_term_string}"},"query-input":{"@type":"PropertyValueSpecification","valueRequired":true,"valueName":"search_term_string"}}],"inLanguage":"ro-RO"},{"@type":"Organization","@id":"https:\/\/carlaszabo.com\/ro\/#organization","name":"Carla Szabo","url":"https:\/\/carlaszabo.com\/ro\/","logo":{"@type":"ImageObject","inLanguage":"ro-RO","@id":"https:\/\/carlaszabo.com\/ro\/#\/schema\/logo\/image\/","url":"https:\/\/carlaszabo.com\/wp-content\/uploads\/2017\/09\/carla-logo.png","contentUrl":"https:\/\/carlaszabo.com\/wp-content\/uploads\/2017\/09\/carla-logo.png","width":370,"height":49,"caption":"Carla Szabo"},"image":{"@id":"https:\/\/carlaszabo.com\/ro\/#\/schema\/logo\/image\/"}}]}</script>
<!-- / Yoast SEO plugin. -->

Acest colier este realizat din perle ceramice cu o decorație din lemn de abanos, fațetat. Parte din colecția "Sur-Faces".
